the thousands digit of 309512?
9
What is the thousands digit of 9885926?
5
What is the ten thousands digit of 742693?
4
What is the hundreds digit of 274762?
7
What is the tens digit of 18969632?
3
What is the thousands digit of 167485?
7
What is the units digit of 151064?
4
What is the ten thousands digit of 526525?
2
What is the hundreds digit of 689409?
4
What is the thousands digit of 2597892?
7
What is the thousands digit of 27629?
7
What is the hundreds digit of 1910299?
2
What is the tens digit of 239415?
1
What is the thousands digit of 124173?
4
What is the tens digit of 634863?
6
What is the ten millions digit of 10356233?
1
What is the hundreds digit of 166617?
6
What is the units digit of 108750?
0
What is the units digit of 1278624?
4
What is the units digit of 2247879?
9
What is the thousands digit of 3543383?
3
What is the ten millions digit of 21185456?
2
What is the tens digit of 139946?
4
What is the thousands digit of 1133692?
3
What is the ten thousands digit of 61950?
6
What is the tens digit of 811942?
4
What is the hundreds digit of 12960419?
4
What is the millions digit of 1358465?
1
What is the hundreds digit of 166607?
6
What is the hundreds digit of 3048301?
3
What is the tens digit of 194760?
6
What is the hundred thousands digit of 925189?
9
What is the thousands digit of 10370?
0
What is the hundreds digit of 3301809?
8
What is the units digit of 630716?
6
What is the thousands digit of 444177?
4
What is the units digit of 1177951?
1
What is the units digit of 165578?
8
What is the hundreds digit of 338790?
7
What is the hundreds digit of 777024?
0
What is the hundreds digit of 237828?
8
What is the units digit of 759331?
1
What is the thousands digit of 12713657?
3
What is the thousands digit of 21953543?
3
What is the ten thousands digit of 8212808?
1
What is the units digit of 474330?
0
What is the hundred thousands digit of 416184?
4
What is the hundreds digit of 574074?
0
What is the thousands digit of 277217?
7
What is the units digit of 4614352?
2
What is the ten thousands digit of 2518110?
1
What is the ten thousands digit of 3016533?
1
What is the thousands digit of 504336?
4
What is the hundreds digit of 2161375?
3
What is the units digit of 769157?
7
What is the units digit of 9935698?
8
What is the thousands digit of 5603059?
3
What is the hundred thousands digit of 4559757?
5
What is the thousands digit of 847338?
7
What is the ten thousands digit of 49352?
4
What is the hundreds digit of 415086?
0
What is the hundreds digit of 15281399?
3
What is the thousands digit of 724246?
4
What is the tens digit of 429406?
0
What is the units digit of 4703127?
7
What is the thousands digit of 143804?
3
What is the ten thousands digit of 7219551?
1
What is the units digit of 337783?
3
What is the hundreds digit of 665647?
6
What is the units digit of 260384?
4
What is the millions digit of 4283485?
4
What is the hundred thousands digit of 193403?
1
What is the tens digit of 504751?
5
What is the ten thousands digit of 208133?
0
What is the millions digit of 4676095?
4
What is the thousands digit of 2075408?
5
What is the tens digit of 12051770?
7
What is the tens digit of 349601?
0
What is the ten thousands digit of 1203675?
0
What is the millions digit of 1507232?
1
What is the thousands digit of 2706421?
6
What is the units digit of 2458055?
5
What is the units digit of 275556?
6
What is the ten thousands digit of 1015633?
1
What is the units digit of 98061?
1
What is the hundreds digit of 185880?
8
What is the tens digit of 16564?
6
What is the hundred thousands digit of 15569278?
5
What is the ten thousands digit of 2025188?
2
What is the tens digit of 6881585?
8
What is the hundred thousands digit of 2271852?
2
What is the units digit of 6149487?
7
What is the units digit of 255054?
4
What is the millions digit of 2132668?
2
What is the hundred thousands digit of 102308?
1
What is the thousands digit of 2175347?
5
What is the millions digit of 2959701?
2
What is the ten thousands digit of 3006088?
0
What is the tens digit of 1397901?
0
What is the units digit of 233577?
7
What is the hundreds digit of 735674?
6
What is the hundreds digit of 3150017?
0
What is the ten thousands digit of 7738721?
3
What is the ten thousands digit of 72686?
7
What is the hundred thousands digit of 722431?
7
What is the hundreds digit of 36654?
6
What is the ten thousands digit of 19713510?
1
What is the hundred thousands digit of 1539254?
5
What is the hundred thousands digit of 482313?
4
What is the hundred thousands digit of 1262427?
2
What is the hundred thousands digit of 12922179?
9
What is the ten thousands digit of 683935?
8
What is the ten thousands digit of 876934?
7
What is the hundreds digit of 187450?
4
What is the thousands digit of 4807531?
7
What is the millions digit of 17294760?
7
What is the thousands digit of 189629?
9
What is the millions digit of 3174691?
3
What is the hundred thousands digit of 4909284?
9
What is the units digit of 1168965?
5
What is the thousands digit of 1982067?
2
What is the hundreds digit of 259045?
0
What is the hundred thousands digit of 979386?
9
What is the ten thousands digit of 193062?
9
What is the tens digit of 4088008?
0
What is the hundred thousands digit of 14825330?
8
What is the tens digit of 255958?
5
What is the hundred thousands digit of 210430?
2
What is the tens digit of 30884840?
4
What is the units digit of 224051?
1
What is the ten thousands digit of 1398367?
9
What is the units digit of 181055?
5
What is the hundreds digit of 4213570?
5
What is the hundreds digit of 40172?
1
What is the units digit of 2059762?
2
What is the hundreds digit of 65882?
8
What is the thousands digit of 1692566?
2
What is the units digit of 155?
5
What is the ten thousands digit of 293542?
9
What is the tens digit of 566514?
1
What is the units digit of 760431?
1
What is the hundreds digit of 261682?
6
What is the ten thousands digit of 16701311?
0
What is the hundreds digit of 177052?
0
What is the ten thousands digit of 16509046?
0
What is the thousands digit of 9501793?
1
What is the millions digit of 1374473?
1
What is the ten thousands digit of 6747992?
4
What is the thousands digit of 295071?
5
What is the hundreds digit of 146500?
5
What is the units digit of 349526?
6
What is the thousands digit of 369650?
9
What is the ten thousands digit of 763203?
6
What is the hundreds digit of 811016?
0
What is the hundred thousands digit of 733129?
7
What is the units digit of 38248?
8
What is the tens digit of 187284?
8
What is the tens digit of 1668496?
9
What is the millions digit of 1291211?
1
What is the hundreds digit of 3799168?
1
What is the millions digit of 6282607?
6
What is the tens digit of 394909?
0
What is the ten thousands digit of 348553?
4
What is the tens digit of 163430?
3
What is the units digit of 286124?
4
What is the tens digit of 976571?
7
What is the hundred thousands digit of 1459696?
4
What is the ten thousands digit of 116786?
1
What is the tens digit of 517409?
0
What is the thousands digit of 44619?
4
What is the units digit of 1620740?
0
What is the tens digit of 2591903?
0
What is the thousands digit of 575738?
5
What is the thousands digit of 390851?
0
What is the hundreds digit of 535959?
9
What is the ten thousands digit of 6810270?
1
What is the hundreds digit of 589262?
2
What is the ten thousands digit of 2843775?
4
What is the millions digit of 27916637?
7
What is the units digit of 14123?
3
What is the ten thousands digit of 254554?
5
What is the hundred thousands digit of 6903603?
9
What is the units digit of 5013943?
3
What is the hundred thousands digit of 235489?
2
What is the millions digit of 16277677?
6
What is the units digit of 14011044?
4
What is the hundred thousands digit of 1270175?
2
What is the tens digit of 238084?
8
What is the tens digit of 23609924?
2
What is the hundreds digit of 227800?
8
What is the millions digit of 9130199?
9
What is the millions digit of 6164478?
6
What is the tens digit of 165370?
7
What is the units digit of 473997?
7
What is the hundred thousands digit of 846811?
8
What is the hundred thousands digit of 814725?
8
What is the hundreds digit of 737889?
8
What is the tens digit of 10645525?
2
What is 